{"id":940,"date":"2023-09-05T08:38:48","date_gmt":"2023-09-05T06:38:48","guid":{"rendered":"https:\/\/sendersdecancosta.com\/?page_id=940"},"modified":"2026-01-09T17:53:03","modified_gmt":"2026-01-09T15:53:03","slug":"informacio-de-la-cursa","status":"publish","type":"page","link":"https:\/\/sendersdecancosta.com\/index.php\/informacio-de-la-cursa\/","title":{"rendered":"Informaci\u00f3 de la cursa"},"content":{"rendered":"\n<h2 class=\"wp-block-heading\">Organitzaci\u00f3<\/h2>\n\n\n\n<div class=\"wp-block-media-text is-stacked-on-mobile\" style=\"grid-template-columns:17% auto\"><figure class=\"wp-block-media-text__media\"><img decoding=\"async\" loading=\"lazy\" width=\"923\" height=\"923\" src=\"http:\/\/sendersdecancosta.com\/wp-content\/uploads\/2023\/09\/logo-club.webp\" alt=\"\" class=\"wp-image-942 size-full\" srcset=\"https:\/\/sendersdecancosta.com\/wp-content\/uploads\/2023\/09\/logo-club.webp 923w, https:\/\/sendersdecancosta.com\/wp-content\/uploads\/2023\/09\/logo-club-300x300.webp 300w, https:\/\/sendersdecancosta.com\/wp-content\/uploads\/2023\/09\/logo-club-150x150.webp 150w, https:\/\/sendersdecancosta.com\/wp-content\/uploads\/2023\/09\/logo-club-768x768.webp 768w\" sizes=\"(max-width: 923px) 100vw, 923px\" \/><\/figure><div class=\"wp-block-media-text__content\">\n<p><strong>Club Esportiu Santvi<\/strong><br>08620 Sant Vicen\u00e7 dels Horts (Barcelona)<\/p>\n\n\n\n<p><\/p>\n\n\n\n<p>info@sendersdecancosta.com<\/p>\n\n\n\n<p>cesantvi@gmail.com<\/p>\n<\/div><\/div>\n\n\n\n<hr class=\"wp-block-separator has-alpha-channel-opacity\"\/>\n\n\n\n<p>La Cursa de Muntanya Senders de Can Costa est\u00e0 oberta a totes les persones corredores que s\u2019inscriguin degudament i acceptin el present reglament.<br><\/p>\n\n\n\n<p>Pel que fa als <strong>atletes federats amb la Federaci\u00f3 Catalana d\u2019Atletisme (FCA)<\/strong>, la cursa forma part del circuit <strong>Trail Running Series (TRS)<\/strong> i de la <strong>Copa M\u00e0ster (CMT)<\/strong>. Per optar a les <strong>classificacions oficials <\/strong>de les TRS i la CMT els atletes hauran de disposar de la <span style=\"text-decoration: underline;\"><strong>llic\u00e8ncia federativa de la FCA tramitada i en vigor per a l\u2019any 2026<\/strong><\/span>. <\/p>\n\n\n\n<p>En el moment de realitzar la inscripci\u00f3, l\u2019atleta haur\u00e0 de fer constar el <strong>n\u00famero de llic\u00e8ncia i el nom del seu club<\/strong>, tal com consten a l\u2019esmentada llic\u00e8ncia, i haur\u00e0 de competir amb la samarreta oficial del seu club.<br><\/p>\n\n\n\n<p>Els reglaments complets de les TRS i la CMT es poden consultar al web de la Federaci\u00f3 Catalana d\u2019Atletisme: <a href=\"https:\/\/fcatletisme.cat\/reglaments\/\" target=\"_blank\" rel=\"noreferrer noopener\">https:\/\/fcatletisme.cat\/reglaments\/<\/a>. <\/p>\n\n\n\n<p>En aquests reglaments s\u2019hi especifiquen tamb\u00e9 les dist\u00e0ncies puntuables per a cada categoria d\u2019edat dins de la Copa M\u00e0ster, que poden variar en funci\u00f3 de cada prova del circuit.<\/p>\n\n\n\n<h2 class=\"wp-block-heading\">Programa<\/h2>\n\n\n\n<p><strong>Data:<\/strong>&nbsp;Diumenge 24 de Maig de 2026<\/p>\n\n\n\n<p><strong>Lloc de sortida i arribada:<\/strong>&nbsp;<a href=\"https:\/\/www.google.com\/maps\/place\/Parc+Che+Guevara\/@41.3883452,1.9993786,3a,75y,90t\/data=!3m8!1e2!3m6!1sAF1QipPGLZe941TbrtU0yEl-9sGDAGlMCMI2HKkF2GkF!2e10!3e12!6shttps:%2F%2Flh5.googleusercontent.com%2Fp%2FAF1QipPGLZe941TbrtU0yEl-9sGDAGlMCMI2HKkF2GkF%3Dw203-h152-k-no!7i3968!8i2976!4m5!3m4!1s0x12a49ad955555555:0xeb6fa9d7a69f7860!8m2!3d41.3883452!4d1.9993786\" target=\"_blank\" rel=\"noreferrer noopener\">Parc Che Guevara de Sant Vicen\u00e7 dels Horts<\/a><\/p>\n\n\n\n<p><strong>Horaris sortida:<\/strong><\/p>\n\n\n\n<ul>\n<li>TRAIL 21Km: 10:00h<\/li>\n\n\n\n<li>EXPRESS 13Km: 10:30h<\/li>\n<\/ul>\n\n\n\n<p>La recollida de dorsals es realitzar\u00e0 al local del Club Esportiu Santvi situat al Parc Che Guevara de Sant Vicen\u00e7 dels Horts els dies:<\/p>\n\n\n\n<ul>\n<li>Divendres 22\/05\/2026 de 17h a 21h<\/li>\n\n\n\n<li>Dissabte 23\/05\/2026 de 10 a 14h i de 17h a 21h<\/li>\n\n\n\n<li>Diumenge 24\/05\/2026 de 8:15h a 9:45h<\/li>\n<\/ul>\n\n\n\n<p><strong>Important: es prega als corredors\/es fer la recollida dels dorsals els dies previs a la cursa per facilitar a l&#8217;organitzaci\u00f3 la gesti\u00f3 de la cursa.<\/strong><\/p>\n\n\n\n<p>Tots els participants han de presentar el DNI i llic\u00e8ncia federativa de la FCA\/RFEA (si la tenen) en recollir el dorsal. En el moment del lliurament del dorsal, els participants rebran la bossa del corredor amb els obsequis corresponents.<\/p>\n\n\n\n<p>En el moment del lliurament del dorsal, els participants rebran la bossa del corredor amb els obsequis corresponents.<\/p>\n\n\n\n<p><\/p>\n\n\n\n<p>Hi haur\u00e0 avituallaments s\u00f2lids i l\u00edquids a l&#8217;arribada i al llarg del recorregut.<\/p>\n\n\n\n<p><strong>Als avituallament durant el recorregut NO HI HAUR\u00c0 GOTS!! Els corredors hauran de portar OBLIGAT\u00d2RIAMENT un got o bid\u00f3 per poder-se hidratar amb l\u00edquids en els avituallaments.<\/strong>&nbsp;<\/p>\n\n\n\n<hr class=\"wp-block-separator has-alpha-channel-opacity\"\/>\n\n\n\n<p>\ud83c\udfc6 L&#8217;entrega de premis es realitzar\u00e0 a les 12:30h per a la cursa Express de 13 km i a les 13:00h per a la cursa Trail de 21 km.<\/p>\n\n\n\n<p>\ud83d\udebf Hi haur\u00e0 serveis de dutxes a l&#8217;arribada, situades al <a href=\"https:\/\/maps.app.goo.gl\/ox1SQhwMwgsdDXBy8\">camp de futbol de La Barruana<\/a>, a uns 450 metres del empla\u00e7ament de sortida i arribada dels corredors.<\/p>\n\n\n\n<p><\/p>\n\n\n\n<hr class=\"wp-block-separator has-alpha-channel-opacity\"\/>\n\n\n\n<h2 class=\"wp-block-heading\">Reglament<\/h2>\n\n\n\n<p>La prova est\u00e0 sotmesa al reglament que podeu trobar a continuaci\u00f3:<\/p>\n\n\n\n<div class=\"wp-block-buttons is-layout-flex wp-block-buttons-is-layout-flex\">\n<div class=\"wp-block-button is-style-outline\"><a class=\"wp-block-button__link wp-element-button\" href=\"http:\/\/sendersdecancosta.com\/wp-content\/uploads\/2026\/01\/Reglament-SENDERS-2026-260109.pdf\" target=\"_blank\" rel=\"noreferrer noopener\">Reglament (PDF)<\/a><\/div>\n<\/div>\n\n\n\n<div style=\"height:100px\" aria-hidden=\"true\" class=\"wp-block-spacer\"><\/div>\n","protected":false},"excerpt":{"rendered":"<p>Organitzaci\u00f3 Club Esportiu Santvi08620 Sant Vicen\u00e7 dels Horts (Barcelona) info@sendersdecancosta.com cesantvi@gmail.com La Cursa de Muntanya Senders de Can Costa est\u00e0 oberta a totes les persones corredores que s\u2019inscriguin degudament i acceptin el present reglament. Pel que fa als atletes federats amb la Federaci\u00f3 Catalana d\u2019Atletisme (FCA), la cursa forma part del circuit Trail Running Series &hellip; <\/p>\n<p class=\"link-more\"><a href=\"https:\/\/sendersdecancosta.com\/index.php\/informacio-de-la-cursa\/\" class=\"more-link\">Read more<span class=\"screen-reader-text\"> &#8220;Informaci\u00f3 de la cursa&#8221;<\/span><\/a><\/p>\n","protected":false},"author":1,"featured_media":0,"parent":0,"menu_order":0,"comment_status":"closed","ping_status":"closed","template":"","meta":{"footnotes":""},"yoast_head":"<!-- This site is optimized with the Yoast SEO plugin v21.3 - https:\/\/yoast.com\/wordpress\/plugins\/seo\/ -->\n<title>Informaci\u00f3 de la cursa - sendersdecancosta.com<\/title>\n<meta name=\"robots\" content=\"index, follow, max-snippet:-1, max-image-preview:large, max-video-preview:-1\" \/>\n<link rel=\"canonical\" href=\"https:\/\/sendersdecancosta.com\/index.php\/informacio-de-la-cursa\/\" \/>\n<meta property=\"og:locale\" content=\"en_US\" \/>\n<meta property=\"og:type\" content=\"article\" \/>\n<meta property=\"og:title\" content=\"Informaci\u00f3 de la cursa - sendersdecancosta.com\" \/>\n<meta property=\"og:description\" content=\"Organitzaci\u00f3 Club Esportiu Santvi08620 Sant Vicen\u00e7 dels Horts (Barcelona) info@sendersdecancosta.com cesantvi@gmail.com La Cursa de Muntanya Senders de Can Costa est\u00e0 oberta a totes les persones corredores que s\u2019inscriguin degudament i acceptin el present reglament. Pel que fa als atletes federats amb la Federaci\u00f3 Catalana d\u2019Atletisme (FCA), la cursa forma part del circuit Trail Running Series &hellip; Read more &quot;Informaci\u00f3 de la cursa&quot;\" \/>\n<meta property=\"og:url\" content=\"https:\/\/sendersdecancosta.com\/index.php\/informacio-de-la-cursa\/\" \/>\n<meta property=\"og:site_name\" content=\"sendersdecancosta.com\" \/>\n<meta property=\"article:publisher\" content=\"https:\/\/www.facebook.com\/santvicluc.ciclista.3\" \/>\n<meta property=\"article:modified_time\" content=\"2026-01-09T15:53:03+00:00\" \/>\n<meta property=\"og:image\" content=\"http:\/\/sendersdecancosta.com\/wp-content\/uploads\/2023\/09\/logo-club.webp\" \/>\n<meta name=\"twitter:card\" content=\"summary_large_image\" \/>\n<meta name=\"twitter:label1\" content=\"Est. reading time\" \/>\n\t<meta name=\"twitter:data1\" content=\"3 minutes\" \/>\n<script type=\"application\/ld+json\" class=\"yoast-schema-graph\">{\"@context\":\"https:\/\/schema.org\",\"@graph\":[{\"@type\":\"WebPage\",\"@id\":\"https:\/\/sendersdecancosta.com\/index.php\/informacio-de-la-cursa\/\",\"url\":\"https:\/\/sendersdecancosta.com\/index.php\/informacio-de-la-cursa\/\",\"name\":\"Informaci\u00f3 de la cursa - sendersdecancosta.com\",\"isPartOf\":{\"@id\":\"https:\/\/sendersdecancosta.com\/#website\"},\"datePublished\":\"2023-09-05T06:38:48+00:00\",\"dateModified\":\"2026-01-09T15:53:03+00:00\",\"breadcrumb\":{\"@id\":\"https:\/\/sendersdecancosta.com\/index.php\/informacio-de-la-cursa\/#breadcrumb\"},\"inLanguage\":\"en-US\",\"potentialAction\":[{\"@type\":\"ReadAction\",\"target\":[\"https:\/\/sendersdecancosta.com\/index.php\/informacio-de-la-cursa\/\"]}]},{\"@type\":\"BreadcrumbList\",\"@id\":\"https:\/\/sendersdecancosta.com\/index.php\/informacio-de-la-cursa\/#breadcrumb\",\"itemListElement\":[{\"@type\":\"ListItem\",\"position\":1,\"name\":\"Home\",\"item\":\"https:\/\/sendersdecancosta.com\/\"},{\"@type\":\"ListItem\",\"position\":2,\"name\":\"Informaci\u00f3 de la cursa\"}]},{\"@type\":\"WebSite\",\"@id\":\"https:\/\/sendersdecancosta.com\/#website\",\"url\":\"https:\/\/sendersdecancosta.com\/\",\"name\":\"www.sendersdecancosta.com\",\"description\":\"Cursa de Trail Running a Sant Vicen\u00e7 dels Horts\",\"publisher\":{\"@id\":\"https:\/\/sendersdecancosta.com\/#organization\"},\"potentialAction\":[{\"@type\":\"SearchAction\",\"target\":{\"@type\":\"EntryPoint\",\"urlTemplate\":\"https:\/\/sendersdecancosta.com\/?s={search_term_string}\"},\"query-input\":\"required name=search_term_string\"}],\"inLanguage\":\"en-US\"},{\"@type\":\"Organization\",\"@id\":\"https:\/\/sendersdecancosta.com\/#organization\",\"name\":\"Club Esportiu Santvi\",\"url\":\"https:\/\/sendersdecancosta.com\/\",\"logo\":{\"@type\":\"ImageObject\",\"inLanguage\":\"en-US\",\"@id\":\"https:\/\/sendersdecancosta.com\/#\/schema\/logo\/image\/\",\"url\":\"https:\/\/sendersdecancosta.com\/wp-content\/uploads\/2023\/08\/cropped-logo_white_transparent.png\",\"contentUrl\":\"https:\/\/sendersdecancosta.com\/wp-content\/uploads\/2023\/08\/cropped-logo_white_transparent.png\",\"width\":500,\"height\":257,\"caption\":\"Club Esportiu Santvi\"},\"image\":{\"@id\":\"https:\/\/sendersdecancosta.com\/#\/schema\/logo\/image\/\"},\"sameAs\":[\"https:\/\/www.facebook.com\/santvicluc.ciclista.3\",\"https:\/\/www.instagram.com\/clubesportiusantvi\"]}]}<\/script>\n<!-- \/ Yoast SEO plugin. -->","yoast_head_json":{"title":"Informaci\u00f3 de la cursa - sendersdecancosta.com","robots":{"index":"index","follow":"follow","max-snippet":"max-snippet:-1","max-image-preview":"max-image-preview:large","max-video-preview":"max-video-preview:-1"},"canonical":"https:\/\/sendersdecancosta.com\/index.php\/informacio-de-la-cursa\/","og_locale":"en_US","og_type":"article","og_title":"Informaci\u00f3 de la cursa - sendersdecancosta.com","og_description":"Organitzaci\u00f3 Club Esportiu Santvi08620 Sant Vicen\u00e7 dels Horts (Barcelona) info@sendersdecancosta.com cesantvi@gmail.com La Cursa de Muntanya Senders de Can Costa est\u00e0 oberta a totes les persones corredores que s\u2019inscriguin degudament i acceptin el present reglament. Pel que fa als atletes federats amb la Federaci\u00f3 Catalana d\u2019Atletisme (FCA), la cursa forma part del circuit Trail Running Series &hellip; Read more \"Informaci\u00f3 de la cursa\"","og_url":"https:\/\/sendersdecancosta.com\/index.php\/informacio-de-la-cursa\/","og_site_name":"sendersdecancosta.com","article_publisher":"https:\/\/www.facebook.com\/santvicluc.ciclista.3","article_modified_time":"2026-01-09T15:53:03+00:00","og_image":[{"url":"http:\/\/sendersdecancosta.com\/wp-content\/uploads\/2023\/09\/logo-club.webp"}],"twitter_card":"summary_large_image","twitter_misc":{"Est. reading time":"3 minutes"},"schema":{"@context":"https:\/\/schema.org","@graph":[{"@type":"WebPage","@id":"https:\/\/sendersdecancosta.com\/index.php\/informacio-de-la-cursa\/","url":"https:\/\/sendersdecancosta.com\/index.php\/informacio-de-la-cursa\/","name":"Informaci\u00f3 de la cursa - sendersdecancosta.com","isPartOf":{"@id":"https:\/\/sendersdecancosta.com\/#website"},"datePublished":"2023-09-05T06:38:48+00:00","dateModified":"2026-01-09T15:53:03+00:00","breadcrumb":{"@id":"https:\/\/sendersdecancosta.com\/index.php\/informacio-de-la-cursa\/#breadcrumb"},"inLanguage":"en-US","potentialAction":[{"@type":"ReadAction","target":["https:\/\/sendersdecancosta.com\/index.php\/informacio-de-la-cursa\/"]}]},{"@type":"BreadcrumbList","@id":"https:\/\/sendersdecancosta.com\/index.php\/informacio-de-la-cursa\/#breadcrumb","itemListElement":[{"@type":"ListItem","position":1,"name":"Home","item":"https:\/\/sendersdecancosta.com\/"},{"@type":"ListItem","position":2,"name":"Informaci\u00f3 de la cursa"}]},{"@type":"WebSite","@id":"https:\/\/sendersdecancosta.com\/#website","url":"https:\/\/sendersdecancosta.com\/","name":"www.sendersdecancosta.com","description":"Cursa de Trail Running a Sant Vicen\u00e7 dels Horts","publisher":{"@id":"https:\/\/sendersdecancosta.com\/#organization"},"potentialAction":[{"@type":"SearchAction","target":{"@type":"EntryPoint","urlTemplate":"https:\/\/sendersdecancosta.com\/?s={search_term_string}"},"query-input":"required name=search_term_string"}],"inLanguage":"en-US"},{"@type":"Organization","@id":"https:\/\/sendersdecancosta.com\/#organization","name":"Club Esportiu Santvi","url":"https:\/\/sendersdecancosta.com\/","logo":{"@type":"ImageObject","inLanguage":"en-US","@id":"https:\/\/sendersdecancosta.com\/#\/schema\/logo\/image\/","url":"https:\/\/sendersdecancosta.com\/wp-content\/uploads\/2023\/08\/cropped-logo_white_transparent.png","contentUrl":"https:\/\/sendersdecancosta.com\/wp-content\/uploads\/2023\/08\/cropped-logo_white_transparent.png","width":500,"height":257,"caption":"Club Esportiu Santvi"},"image":{"@id":"https:\/\/sendersdecancosta.com\/#\/schema\/logo\/image\/"},"sameAs":["https:\/\/www.facebook.com\/santvicluc.ciclista.3","https:\/\/www.instagram.com\/clubesportiusantvi"]}]}},"_links":{"self":[{"href":"https:\/\/sendersdecancosta.com\/index.php\/wp-json\/wp\/v2\/pages\/940"}],"collection":[{"href":"https:\/\/sendersdecancosta.com\/index.php\/wp-json\/wp\/v2\/pages"}],"about":[{"href":"https:\/\/sendersdecancosta.com\/index.php\/wp-json\/wp\/v2\/types\/page"}],"author":[{"embeddable":true,"href":"https:\/\/sendersdecancosta.com\/index.php\/wp-json\/wp\/v2\/users\/1"}],"replies":[{"embeddable":true,"href":"https:\/\/sendersdecancosta.com\/index.php\/wp-json\/wp\/v2\/comments?post=940"}],"version-history":[{"count":46,"href":"https:\/\/sendersdecancosta.com\/index.php\/wp-json\/wp\/v2\/pages\/940\/revisions"}],"predecessor-version":[{"id":1252,"href":"https:\/\/sendersdecancosta.com\/index.php\/wp-json\/wp\/v2\/pages\/940\/revisions\/1252"}],"wp:attachment":[{"href":"https:\/\/sendersdecancosta.com\/index.php\/wp-json\/wp\/v2\/media?parent=940"}],"curies":[{"name":"wp","href":"https:\/\/api.w.org\/{rel}","templated":true}]}}